r of 1107 and 135?
27
What is the greatest common factor of 952 and 204?
68
Calculate the highest common factor of 145 and 20.
5
What is the greatest common factor of 2370 and 6162?
474
What is the greatest common factor of 891 and 165?
33
Calculate the highest common factor of 20 and 5.
5
Calculate the greatest common factor of 1296 and 162.
162
Calculate the greatest common factor of 60 and 204.
12
Calculate the highest common divisor of 20559 and 14.
7
What is the highest common divisor of 816 and 12036?
204
What is the highest common factor of 74 and 37?
37
What is the greatest common factor of 11 and 968?
11
What is the greatest common divisor of 9 and 107?
1
Calculate the highest common divisor of 3610 and 76.
38
What is the highest common factor of 27 and 801?
9
What is the highest common divisor of 160 and 720?
80
Calculate the greatest common factor of 298 and 38.
2
Calculate the highest common divisor of 306 and 68.
34
Calculate the highest common factor of 60 and 20.
20
What is the highest common factor of 247 and 19?
19
Calculate the greatest common factor of 47 and 42394.
47
Calculate the highest common divisor of 81 and 81.
81
Calculate the greatest common factor of 1394 and 68.
34
What is the highest common factor of 26 and 598?
26
What is the greatest common divisor of 1099 and 21?
7
Calculate the highest common factor of 96 and 348.
12
What is the highest common factor of 528 and 232?
8
Calculate the highest common divisor of 14 and 266.
14
What is the highest common factor of 35 and 3500?
35
What is the greatest common divisor of 1202 and 2?
2
Calculate the greatest common factor of 72 and 12.
12
What is the greatest common factor of 3569 and 86?
43
Calculate the highest common factor of 3592 and 32.
8
Calculate the greatest common factor of 170 and 70.
10
Calculate the greatest common divisor of 387 and 9.
9
What is the greatest common factor of 832 and 704?
64
What is the greatest common divisor of 10054 and 22?
22
What is the greatest common factor of 270 and 15?
15
What is the greatest common factor of 4 and 540?
4
Calculate the greatest common factor of 918 and 969.
51
What is the greatest common divisor of 28 and 4228?
28
What is the greatest common divisor of 42 and 96?
6
What is the greatest common divisor of 4 and 5?
1
Calculate the highest common factor of 6615 and 45.
45
Calculate the greatest common divisor of 1323 and 4704.
147
What is the greatest common factor of 81 and 2646?
27
What is the highest common divisor of 34 and 4250?
34
What is the highest common factor of 375 and 2875?
125
What is the highest common divisor of 6525 and 90?
45
What is the highest common factor of 512 and 32?
32
What is the greatest common factor of 1161 and 27?
27
Calculate the highest common divisor of 11211 and 111.
111
Calculate the highest common factor of 78 and 26.
26
What is the highest common factor of 13813 and 76?
19
Calculate the greatest common divisor of 144 and 11484.
36
Calculate the highest common divisor of 19 and 6859.
19
Calculate the greatest common factor of 2533 and 17.
17
Calculate the highest common factor of 7931 and 7.
7
What is the greatest common divisor of 50 and 70?
10
Calculate the highest common divisor of 208 and 128.
16
Calculate the highest common divisor of 90 and 8730.
90
Calculate the greatest common divisor of 252 and 56.
28
Calculate the highest common factor of 3600 and 288.
144
Calculate the highest common divisor of 533 and 82.
41
Calculate the highest common divisor of 104 and 212.
4
What is the greatest common divisor of 48 and 80?
16
Calculate the highest common factor of 26 and 52.
26
What is the greatest common factor of 9192 and 48?
24
What is the greatest common factor of 108 and 21?
3
What is the highest common factor of 35 and 3507?
7
Calculate the highest common divisor of 22 and 198.
22
Calculate the greatest common factor of 400 and 50.
50
What is the greatest common factor of 774 and 430?
86
Calculate the greatest common factor of 23 and 299.
23
What is the highest common divisor of 35433 and 558?
279
What is the highest common factor of 86 and 35346?
86
Calculate the highest common divisor of 138 and 18.
6
What is the highest common divisor of 13220 and 10?
10
Calculate the highest common factor of 4402 and 213.
71
Calculate the greatest common divisor of 18700 and 66.
22
Calculate the highest common divisor of 260 and 19890.
130
Calculate the greatest common divisor of 40 and 1060.
20
What is the greatest common divisor of 1176 and 192?
24
Calculate the greatest common divisor of 10 and 72.
2
What is the greatest common divisor of 2301 and 1482?
39
Calculate the greatest common divisor of 64 and 112.
16
What is the greatest common factor of 26 and 6?
2
What is the highest common factor of 27 and 117?
9
What is the highest common factor of 252 and 9436?
28
What is the highest common divisor of 378 and 14?
14
What is the greatest common divisor of 816 and 144?
48
Calculate the highest common factor of 2160 and 75.
15
What is the highest common divisor of 5 and 650?
5
What is the highest common factor of 68 and 1088?
68
Calculate the greatest common divisor of 275 and 2.
1
Calculate the highest common divisor of 418 and 304.
38
Calculate the greatest common divisor of 11742 and 114.
114
Calculate the highest common factor of 440 and 6.
2
What is the highest common divisor of 549 and 2673?
9
What is the highest common divisor of 34 and 544?
34
Calculate the greatest common divisor of 580 and 70.
10
Calculate the greatest common factor of 1212 and 84.
12
Calculate the greatest common divisor of 56 and 1967.
7
What is the greatest common factor of 2646 and 112?
14
Calculate the highest common divisor of 25672 and 8.
8
What is the greatest common divisor of 531 and 59?
59
What is the highest common factor of 140 and 3836?
28
What is the highest common divisor of 171 and 765?
9
What is the greatest common factor of 315 and 252?
63
What is the greatest common divisor of 78 and 364?
26
Calculate the highest common divisor of 150 and 10.
10
Calculate the greatest common factor of 99 and 18.
9
Calculate the greatest common factor of 153 and 8619.
51
Calculate the greatest common factor of 68200 and 20.
20
What is the highest common factor of 5826 and 18?
6
Calculate the greatest common factor of 396 and 1540.
44
Calculate the greatest common factor of 24 and 40.
8
What is the highest common divisor of 21 and 6573?
21
What is the greatest common divisor of 120 and 768?
24
What is the highest common divisor of 432 and 96?
48
What is the highest common divisor of 12363 and 78?
39
Calculate the greatest common divisor of 165 and 180.
15
What is the greatest common factor of 2783 and 1265?
253
What is the greatest common divisor of 474 and 6?
6
What is the highest common factor of 2995 and 15?
5
Calculate the highest common divisor of 517 and 188.
47
What is the greatest common factor of 240 and 2100?
60
What is the highest common divisor of 150 and 30?
30
What is the highest common factor of 7258 and 38?
38
Calculate the highest common divisor of 674 and 14.
2
Calculate the greatest common divisor of 219 and 2774.
73
Calculate the highest common divisor of 950 and 38.
38
What is the greatest common divisor of 396 and 756?
36
Calculate the greatest common divisor of 105 and 560.
35
What is the greatest common divisor of 1166 and 1012?
22
Calculate the highest common factor of 52 and 572.
52
What is the highest common divisor of 63 and 217?
7
What is the highest common factor of 3200 and 125?
25
Calculate the highest common divisor of 32620 and 20.
20
What is the highest common factor of 10 and 710?
10
Calculate the greatest common factor of 7775 and 100.
25
What is the greatest common divisor of 76 and 11324?
76
Calculate the greatest common divisor of 123 and 82.
41
Calculate the greatest common divisor of 99 and 33.
33
What is the highest common factor of 84 and 240?
12
Calculate the greatest common divisor of 2075 and 1328.
83
Calculate the highest common factor of 660 and 1392.
12
Calculate the greatest common factor of 11518 and 26.
26
Calculate the highest common divisor of 12 and 236.
4
What is the highest common factor of 54 and 4?
2
What is the greatest common divisor of 66 and 